21 + 225, 0 = 3*q + d - 122. Let a = q + -22. What is the remainder when a is divided by 5?
3
Let z = -1166 + 1290. What is the remainder when 359 is divided by z?
111
Suppose 5 = 5*t + w - 8, 4*w = -8. Suppose -6*l + 28 = -2*l. Let q = l + t. Calculate the remainder when 38 is divided by q.
8
Suppose 0 = 7*g - 2*g - 10. Suppose -g*p + 8 = 0, -3*w + 3*p = -4 - 23. What is the remainder when 24 is divided by w?
11
Let a(g) = -3*g + 3*g + 4*g**2 + 2*g**2 + 5 - 4*g. What is the remainder when 62 is divided by a(2)?
20
What is the remainder when -5 + (-32)/(-6) - (-825)/9 is divided by 19?
16
Let z = 210 - 178. What is the remainder when z is divided by 7?
4
What is the remainder when (8 - (2 + -93)) + -7 is divided by 17?
7
Let c be (15*1)/(2 + -1). Let p = -3 + c. Suppose p*h - 13*h + 24 = 0. Calculate the remainder when 93 is divided by h.
21
Suppose 4*i - 3381 + 1005 = 0. Suppose 0 = 5*o + o - i. Calculate the remainder when o is divided by 25.
24
Calculate the remainder when 1 + 70/6 + 76/57 is divided by 12.
2
Let f = 8 - 7. Let l = -31 - -14. Let w = l + 20. What is the remainder when w is divided by f?
0
Suppose -10*t + 2106 = 1086. Calculate the remainder when t is divided by 15.
12
Suppose -13*u = -84 - 85. Let i = 7 - 3. Suppose -l = -i*l + 147. Calculate the remainder when l is divided by u.
10
Suppose 3*b = 4*b + 2, 5*b - 2 = -l. Let i be 0 + 1 + l/3. Suppose o = -1 + i. What is the remainder when 9 is divided by o?
1
Let s = 237 - 209. What is the remainder when s is divided by 5?
3
Let c be (3 - 2/1) + 1. Let k be (-9 + 8)/((-1)/(-1)). Calculate the remainder when 19 is divided by (c - (-8 + -2)) + k.
8
Let m = 7 + -1. Suppose a + 0*a - m = 0. Calculate the remainder when 23 is divided by a.
5
Suppose -3*p + 5*p - 4 = 0. Suppose p*z + 8 = 6*z, -z - 142 = -3*t. What is the remainder when 52 is divided by (-30)/(-4)*t/20?
16
Suppose 6*l + l - 2373 = 0. Calculate the remainder when l is divided by 19.
16
Let i = -53 - -56. Suppose i*j - 105 = -a, -5*j + 70 = -3*j + a. What is the remainder when j is divided by 10?
5
Let s = 119 - 114. Suppose -4*m = -4*p - 1232, -2*m - s*p = 3*m - 1570. What is the remainder when m is divided by 52?
51
Let w = -347 + 424. What is the remainder when w is divided by 18?
5
Let v(m) = -2*m**3 + 56*m**2 + 68*m - 13. Calculate the remainder when v(29) is divided by 35.
32
Let o(h) = -h**3 + h**2 - 2*h + 84. Let u be o(0). Let s = u - 38. Calculate the remainder when s is divided by 24.
22
Let q(u) = -3*u**3 + 218*u**2 + 71*u + 189. What is the remainder when -84*(-2 - 2/(-4)) is divided by q(73)?
40
Let r(l) = 26*l**2 - 6*l - 35. Calculate the remainder when r(-3) is divided by 46.
33
Let y = -939 - -1130. What is the remainder when y is divided by 57?
20
Let l(n) = -n**3 + 4*n**2 + 14*n - 9. Let v be l(6). Suppose 2*d = v*u + 56, 4*d + 64 = 2*u + 192. Calculate the remainder when d is divided by 7.
6
Suppose 0 = 10*d - 54 - 66. What is the remainder when d is divided by 7?
5
Suppose -h = 5*f - 670, -5*f + 4*f + 134 = h. What is the remainder when f is divided by 40?
14
Let m(u) = 34*u - 34. Calculate the remainder when 134 is divided by m(2).
32
Suppose 2*u + 3*x = u - 10, x + 8 = 2*u. Suppose 0*z + 3*m = -5*z + 588, 2 = u*m. Calculate the remainder when z is divided by 24.
21
Let i(y) = 13*y**2 - 4*y + 3. Let w be i(1). Suppose 0 = 2*n + 2, -g - n + w = -1. What is the remainder when 25 is divided by g?
11
Suppose 5 - 11 = 3*m, r = -4*m + 67. Calculate the remainder when 899 is divided by r.
74
Let d = -1304 - -1296. Suppose 0*x = 3*x + 6. What is the remainder when 32 is divided by 45/4 - x/d?
10
What is the remainder when 41 is divided by (85/30*2)/((-4)/(-12))?
7
Let q(z) = z**3 + 2*z**2 - 9*z. Suppose 0 = -3*v - 5*v + 120. What is the remainder when v is divided by q(-4)?
3
Suppose 113 = 3*k - 3*b - 31, k - 57 = 4*b. Suppose v + v + 68 = 5*g, -4*g + v = -52. Calculate the remainder when k is divided by g.
9
Suppose 5*m = 2*m + 192. Suppose m = 5*r - 141. What is the remainder when r is divided by 11?
8
Let z(k) = k**2 + 20*k - 79. What is the remainder when 67 is divided by z(-24)?
16
Suppose m + 3*i - 5 = 0, 0 = 3*m + 2*i + 8 - 23. What is the remainder when 46 is divided by m?
1
Suppose -r - 4*z + 5 = 0, 5*r - 2*z = 2*z + 1. Let t be -9 - 0/1 - r. Calculate the remainder when (108/(-15))/(3/t) is divided by 9.
6
Suppose 2713 + 8580 = 70*m + 3243. Let s = -5 + 34. What is the remainder when m is divided by s?
28
Let t = -35 + 60. Let l = 1272 + -1256. What is the remainder when t is divided by l?
9
Suppose 2*n = 5*n - 12. Suppose -3*y + 0*y - q = -826, -4*q = -n. Suppose 6*h - y = h. What is the remainder when h is divided by 19?
17
Suppose 0 = 1213*w - 1214*w + 4. Calculate the remainder when w is divided by 4.
0
Let y(g) = 9*g**2 + 42*g + 127. Calculate the remainder when y(-3) is divided by 31.
20
Suppose 3 = 2*s + 11, -s - 56 = -2*b. Let z(n) = 4*n - 17. Let h(m) = m**3 - 21*m**2 + 6. Let x be h(21). Calculate the remainder when b is divided by z(x).
5
Suppose 11*i = 7*i + 8. Suppose -38 = -4*m + i*r, 4*m + 23 = -r + 76. What is the remainder when 18 is divided by m?
6
Let z(u) = -u**2 - 10*u + 17. Suppose 2*m + 15 = -1. Calculate the remainder when z(m) is divided by 9.
6
Suppose c = -5*r + 9*r + 447, 2*r - 1770 = -4*c. Calculate the remainder when c is divided by 149.
145
Let l(u) = 2*u**2 - 40*u + 108. Calculate the remainder when 426 is divided by l(20).
102
Suppose 142 = 5*v + 4*y, 3*v - 5*y + 6 = 106. Suppose -5*m = -3*m - 84. Suppose -3 = 3*i, -4*i - m = 4*w - 270. Calculate the remainder when w is divided by v.
28
Let j = -7 - -30. Suppose -7*l - j = -86. What is the remainder when (6/5)/((-10)/(-125)) is divided by l?
6
Let z(q) = -2*q**3 - 3*q**2 - 4*q + 1. Let p be z(-3). Let n = -29 + p. What is the remainder when (-637)/364*(-24 - 0) is divided by n?
9
Let n(b) = b**3 - 8*b**2 + 2*b - 9. Let v = 27 - 13. Let y = v + -6. Calculate the remainder when 18 is divided by n(y).
4
What is the remainder when 332 is divided by (-5368)/(-110) + (-8)/10 + 0?
44
Suppose 0*r + 4*r + 14 = 3*j, -r - 4 = -j. Calculate the remainder when (-238)/(-4) + (r - (-2)/4) is divided by 30.
28
Let s(p) = -3*p + 1. Let v be s(1). Let x(y) = -2*y**2 + y + 4. Let r be x(v). Calculate the remainder when 642/36 - 1/r is divided by 5.
3
Suppose -11*h - 76 = -15*h. Suppose -3*m - 4*f = -22, f + 0 = -2. Calculate the remainder when h is divided by m.
9
Let n be (-60)/(-8) + -3 + 9/(-6). Suppose n*o - 3 = -q + 4, 2*q - 2*o - 54 = 0. Calculate the remainder when q is divided by 13.
9
Suppose -7 = -13*a + 58. Suppose -4*j + a*j = 25. Let m = 7 - 0. Calculate the remainder when j is divided by m.
4
Suppose -3*s = 2*s - 35. Let q = 29 + -24. Suppose -112 = -q*f - 2*l - 4, f - 5*l = 0. Calculate the remainder when f is divided by s.
6
Let a = -36 - -85. Suppose 0 = -2*f - 2*u + 68, -5*f - 2*u + 160 = u. What is the remainder when a is divided by f?
20
Suppose 4*a = 6 + 2. Let o be 0 - (a - (19 - 1)). Suppose 8 = 4*i - o. What is the remainder when 11 is divided by i?
5
Let c(n) = 3*n**3 - 4*n**2 + 4*n - 2. Let i be c(2). Let j = i + -34. Let s = j - -59. Calculate the remainder when s is divided by 10.
9
Let t(p) = -55*p**3 - 3*p**2 - 6*p - 2. Calculate the remainder when 109 is divided by t(-1).
53
Let r be 4/(-8)*(-32)/4. Let v be ((-7)/r)/((-1)/4). Suppose -v = m - 26. What is the remainder when m is divided by 7?
5
Let u be -2*-4*2/4. Let x = u - -11. Let k(v) = -9*v - 13. Calculate the remainder when k(-8) is divided by x.
14
Calculate the remainder when (-8)/((-432)/4098) - (-2)/18 is divided by 8.
4
Let b = -229 - -311. Calculate the remainder when 161 is divided by b.
79
Let m(x) = x - 18. Let y be m(14). Let a(p) = -p + 1. Let s(f) = 3*f - 8. Let r(h) = 22*a(h) + 2*s(h). What is the remainder when r(y) is divided by 24?
22
Let j = -43 + 48. Suppose o = -j*i + 23 + 23, -2*i - 149 = -5*o. What is the remainder when 90 is divided by o?
28
Let q(o) = 3*o**2 + 3*o + 1. Let g be ((-4)/(-3))/((-8)/(-84)). Suppose g*n = 11*n + 81. Calculate the remainder when n is divided by q(-2).
6
Suppose 5*b + 0*b + p = 601, -3*b + p + 359 = 0. What is the remainder when 956 is divided by b?
116
Let k = -42 + 45. Let w = -4 + 4. Ca